{"id":1678,"date":"2021-09-20T12:20:10","date_gmt":"2021-09-20T12:20:10","guid":{"rendered":"http:\/\/localhost\/wordpress\/interview-mit-lex-hartmann-ubitricity\/"},"modified":"2021-09-20T12:20:10","modified_gmt":"2021-09-20T12:20:10","slug":"interview-mit-lex-hartmann-ubitricity","status":"publish","type":"page","link":"https:\/\/www.energiecrossmedial.de\/index.php\/interview-mit-lex-hartmann-ubitricity\/","title":{"rendered":"Interview mit Lex Hartmann (ubitricity)"},"content":{"rendered":"<div id=\"page_caption\" class=\"\">\n<div class=\"page_title_wrapper\">\n<div class=\"standard_wrapper\">\n<div class=\"page_title_inner\">\n<div class=\"page_title_content\">\n<h1>  <\/h1>\n<\/p><\/div>\n<\/p><\/div>\n<\/p><\/div>\n<\/p><\/div>\n<\/div>\n<p><!-- Begin content --><\/p>\n<div id=\"page_content_wrapper\" class=\"\">\n<div class=\"inner\">\n    \t<!-- Begin main content --><\/p>\n<div class=\"inner_wrapper\">\n<div class=\"sidebar_content\">\n<!-- Begin each blog post --><\/p>\n<div id=\"post-2651\" class=\"post-2651 post type-post status-publish format-standard hentry category-interviews\">\n<div class=\"post_wrapper\">\n<div class=\"post_content_wrapper\">\n<h1>Interview mit Lex Hartmann (ubitricity)<\/h1>\n<div class=\"post_detail single_post\">\n\t\t\t\t<span class=\"post_info_date\"><br \/>\n\t\t\t\t\t5. M\u00e4rz 2020\t\t\t\t<\/span><br \/>\n\t\t\t\t<span class=\"post_info_comment\"><br \/>\n\t\t\t\t\t\u2022<br \/>\n\t\t\t\t\t0&nbsp;Kommentar\t\t\t\t<\/span>\n\t\t\t<\/div>\n<div class=\"pf-content\">\n<figure class=\"wp-block-image size-thumbnail\"><\/figure>\n<p class=\"fqk44srj04fgyxc3g\"><strong><em>Dr.<br \/>\nAnnette Nietfeld im Gespr\u00e4ch mit Lex Hartman<\/em><\/strong><\/p>\n<p class=\"fqk44srj04fgyxc3g\"><strong>Dr. Annette Nietfeld: <\/strong><em>Was erwarten Sie sich von dem neuen<br \/>\nVeranstaltungsformat \u201eENERGIE.CROSS.MEDIAL\u201c?<\/em><\/p>\n<p class=\"fqk44srj04fgyxc3g\"><strong>Lex Hartman: <\/strong><em>Ich erwarte mir davon, Gesch\u00e4ftsleute, Wissenschaftler und Politiker zu treffen, mit denen ich \u00fcber wichtige Themen, die zuk\u00fcnftig unsere Gesellschaft ver\u00e4ndern werden, sprechen kann. Es gilt, sich bewusst zu machen, was sich \u00e4ndert und wie schnell es sich \u00e4ndert, damit wir diese Entwicklungen so steuern k\u00f6nnen, dass alle Teile der Gesellschaft eine Perspektive haben.<\/em><\/p>\n<p class=\"fqk44srj04fgyxc3g\"><strong>Dr. Annette Nietfeld: <\/strong><em>Sie haben mal gesagt: \u201eF\u00fcr die<br \/>\nAutomobilindustrie ist der Dieselskandal ein Geschenk des Himmels.\u201c Wie kommen<br \/>\nSie darauf?<\/em><\/p>\n<p class=\"fqk44srj04fgyxc3g\"><strong>Lex Hartman: <\/strong><em>Die deutsche Automobilindustrie war und ist eine der erfolgreichsten der Welt. Darauf kann sie mit Recht stolz sein. Aber weil ihr Produkt, der Verbrennungsmotor, ein so unschlagbar erfolgreiches Produkt war, hatte sie keine Veranlassung sich mit den zuk\u00fcnftigen Fragen der Mobilit\u00e4t auseinander zu setzen und neue Wege zu gehen. Der Dieselskandal hat das ge\u00e4ndert und zwar genau zu einem gerade noch richtigen Zeitpunkt.\u00a0\u00a0 <\/em><\/p>\n<p class=\"fqk44srj04fgyxc3g\"><strong>Dr. Annette Nietfeld: <\/strong><em>Sie werden im Rahmen von<br \/>\nENERGIE.CROSS.MEDIAL einen Vortrag halten zur These: Mobilit\u00e4t: Zuk\u00fcnftig for<br \/>\nfree. Welches Gesch\u00e4ftsmodell kann damit verbunden sein?<\/em><\/p>\n<p class=\"fqk44srj04fgyxc3g\"><strong>Lex Hartman: <\/strong><em>Das werde ich noch nicht verraten,<br \/>\nschlie\u00dflich m\u00f6chte ich, dass alle Leser den Kongress besuchen. Soviel aber<br \/>\nvorab: Flexibilit\u00e4t und netzdienliches Verhalten sollte belohnt werden.<\/em><\/p>\n<p class=\"fqk44srj04fgyxc3g\"><strong>Dr. Annette Nietfeld: <\/strong><em>Was erwarten Sie von der Politik?<br \/>\nSollte sie bei ihrer technologieoffenen Haltung bez\u00fcglich der verschiedenen<br \/>\nAntriebsarten bleiben oder sich auf einen Pfad festlegen?&nbsp; <\/em><\/p>\n<p class=\"fqk44srj04fgyxc3g\"><strong>Lex Hartman: <\/strong><em>Zuk\u00fcnftig werden wir m. M. nach erneuerbaren Strom in gro\u00dfen Mengen haben. Deshalb gehe ich davon aus, dass die Mobilit\u00e4t der Zukunft elektrisch sein wird. Dennoch sollten wir auch f\u00fcr alle anderen Technologien ein offenes Auge haben.<\/em><\/p>\n<p class=\"fqk44srj04fgyxc3g\"><strong>Dr. Annette Nietfeld: <\/strong><em>Vielen Dank f\u00fcr das Interview.<\/em><\/p>\n<\/div>\n<p><br class=\"clear\"\/>\n\t    <\/div>\n<\/p><\/div>\n<\/div>\n<p><!-- End each blog post -->\n    \t<\/div>\n<div class=\"sidebar_wrapper\">\n<div class=\"sidebar_top\"><\/div>\n<div class=\"sidebar\">\n<div class=\"content\">\n    \t\t\t\t<\/div>\n<\/p><\/div>\n<p>    \t\t\t<br class=\"clear\"\/><\/p>\n<div class=\"sidebar_bottom\"><\/div>\n<\/p><\/div>\n<\/p><\/div>\n<p>    <!-- End main content -->\n<\/div>\n<p><br class=\"clear\"\/><br class=\"fqk44srj04fgyxc3g\"\/>\n<\/div>\n","protected":false},"excerpt":{"rendered":"<p>Interview mit Lex Hartmann (ubitricity) 5. M\u00e4rz 2020 \u2022 0&nbsp;Kommentar Dr. Annette Nietfeld im Gespr\u00e4ch mit Lex Hartman Dr. Annette Nietfeld: Was erwarten Sie sich von dem neuen Veranstaltungsformat \u201eENERGIE.CROSS.MEDIAL\u201c? Lex Hartman: Ich erwarte mir davon, Gesch\u00e4ftsleute, Wissenschaftler und Politiker [&hellip;]<\/p>\n","protected":false},"author":1,"featured_media":0,"parent":0,"menu_order":58,"comment_status":"closed","ping_status":"closed","template":"template_3.php","meta":{"_acf_changed":false,"footnotes":""},"class_list":["post-1678","page","type-page","status-publish","hentry"],"acf":[],"yoast_head":"<!-- This site is optimized with the Yoast SEO plugin v24.0 - https:\/\/yoast.com\/wordpress\/plugins\/seo\/ -->\n<title>Interview mit Lex Hartmann (ubitricity) - ENERGIE.CROSS.MEDIAL<\/title>\n<meta name=\"robots\" content=\"index, follow, max-snippet:-1, max-image-preview:large, max-video-preview:-1\" \/>\n<link rel=\"canonical\" href=\"https:\/\/www.energiecrossmedial.de\/index.php\/interview-mit-lex-hartmann-ubitricity\/\" \/>\n<meta property=\"og:locale\" content=\"de_DE\" \/>\n<meta property=\"og:type\" content=\"article\" \/>\n<meta property=\"og:title\" content=\"Interview mit Lex Hartmann (ubitricity) - ENERGIE.CROSS.MEDIAL\" \/>\n<meta property=\"og:description\" content=\"Interview mit Lex Hartmann (ubitricity) 5. M\u00e4rz 2020 \u2022 0&nbsp;Kommentar Dr. Annette Nietfeld im Gespr\u00e4ch mit Lex Hartman Dr. Annette Nietfeld: Was erwarten Sie sich von dem neuen Veranstaltungsformat \u201eENERGIE.CROSS.MEDIAL\u201c? Lex Hartman: Ich erwarte mir davon, Gesch\u00e4ftsleute, Wissenschaftler und Politiker [&hellip;]\" \/>\n<meta property=\"og:url\" content=\"https:\/\/www.energiecrossmedial.de\/index.php\/interview-mit-lex-hartmann-ubitricity\/\" \/>\n<meta property=\"og:site_name\" content=\"ENERGIE.CROSS.MEDIAL\" \/>\n<meta name=\"twitter:card\" content=\"summary_large_image\" \/>\n<meta name=\"twitter:site\" content=\"@EnergieXMedial\" \/>\n<meta name=\"twitter:label1\" content=\"Gesch\u00e4tzte Lesezeit\" \/>\n\t<meta name=\"twitter:data1\" content=\"2\u00a0Minuten\" \/>\n<script type=\"application\/ld+json\" class=\"yoast-schema-graph\">{\"@context\":\"https:\/\/schema.org\",\"@graph\":[{\"@type\":\"WebPage\",\"@id\":\"https:\/\/www.energiecrossmedial.de\/index.php\/interview-mit-lex-hartmann-ubitricity\/\",\"url\":\"https:\/\/www.energiecrossmedial.de\/index.php\/interview-mit-lex-hartmann-ubitricity\/\",\"name\":\"Interview mit Lex Hartmann (ubitricity) - ENERGIE.CROSS.MEDIAL\",\"isPartOf\":{\"@id\":\"https:\/\/www.energiecrossmedial.de\/#website\"},\"datePublished\":\"2021-09-20T12:20:10+00:00\",\"dateModified\":\"2021-09-20T12:20:10+00:00\",\"breadcrumb\":{\"@id\":\"https:\/\/www.energiecrossmedial.de\/index.php\/interview-mit-lex-hartmann-ubitricity\/#breadcrumb\"},\"inLanguage\":\"de\",\"potentialAction\":[{\"@type\":\"ReadAction\",\"target\":[\"https:\/\/www.energiecrossmedial.de\/index.php\/interview-mit-lex-hartmann-ubitricity\/\"]}]},{\"@type\":\"BreadcrumbList\",\"@id\":\"https:\/\/www.energiecrossmedial.de\/index.php\/interview-mit-lex-hartmann-ubitricity\/#breadcrumb\",\"itemListElement\":[{\"@type\":\"ListItem\",\"position\":1,\"name\":\"Startseite\",\"item\":\"https:\/\/www.energiecrossmedial.de\/\"},{\"@type\":\"ListItem\",\"position\":2,\"name\":\"Interview mit Lex Hartmann (ubitricity)\"}]},{\"@type\":\"WebSite\",\"@id\":\"https:\/\/www.energiecrossmedial.de\/#website\",\"url\":\"https:\/\/www.energiecrossmedial.de\/\",\"name\":\"ENERGIE.CROSS.MEDIAL - das forum der energiewende\",\"description\":\"das forum der energiewende\",\"publisher\":{\"@id\":\"https:\/\/www.energiecrossmedial.de\/#organization\"},\"potentialAction\":[{\"@type\":\"SearchAction\",\"target\":{\"@type\":\"EntryPoint\",\"urlTemplate\":\"https:\/\/www.energiecrossmedial.de\/?s={search_term_string}\"},\"query-input\":{\"@type\":\"PropertyValueSpecification\",\"valueRequired\":true,\"valueName\":\"search_term_string\"}}],\"inLanguage\":\"de\"},{\"@type\":\"Organization\",\"@id\":\"https:\/\/www.energiecrossmedial.de\/#organization\",\"name\":\"ENERGIE.CROSS.MEDIAL - das forum der energiewende\",\"url\":\"https:\/\/www.energiecrossmedial.de\/\",\"logo\":{\"@type\":\"ImageObject\",\"inLanguage\":\"de\",\"@id\":\"https:\/\/www.energiecrossmedial.de\/#\/schema\/logo\/image\/\",\"url\":\"https:\/\/www.energiecrossmedial.de\/wp-content\/uploads\/2023\/09\/cropped-Website_Icon.png\",\"contentUrl\":\"https:\/\/www.energiecrossmedial.de\/wp-content\/uploads\/2023\/09\/cropped-Website_Icon.png\",\"width\":512,\"height\":512,\"caption\":\"ENERGIE.CROSS.MEDIAL - das forum der energiewende\"},\"image\":{\"@id\":\"https:\/\/www.energiecrossmedial.de\/#\/schema\/logo\/image\/\"},\"sameAs\":[\"https:\/\/x.com\/EnergieXMedial\",\"https:\/\/www.linkedin.com\/company\/zukunftsenergien\/\"]}]}<\/script>\n<!-- \/ Yoast SEO plugin. -->","yoast_head_json":{"title":"Interview mit Lex Hartmann (ubitricity) - ENERGIE.CROSS.MEDIAL","robots":{"index":"index","follow":"follow","max-snippet":"max-snippet:-1","max-image-preview":"max-image-preview:large","max-video-preview":"max-video-preview:-1"},"canonical":"https:\/\/www.energiecrossmedial.de\/index.php\/interview-mit-lex-hartmann-ubitricity\/","og_locale":"de_DE","og_type":"article","og_title":"Interview mit Lex Hartmann (ubitricity) - ENERGIE.CROSS.MEDIAL","og_description":"Interview mit Lex Hartmann (ubitricity) 5. M\u00e4rz 2020 \u2022 0&nbsp;Kommentar Dr. Annette Nietfeld im Gespr\u00e4ch mit Lex Hartman Dr. Annette Nietfeld: Was erwarten Sie sich von dem neuen Veranstaltungsformat \u201eENERGIE.CROSS.MEDIAL\u201c? Lex Hartman: Ich erwarte mir davon, Gesch\u00e4ftsleute, Wissenschaftler und Politiker [&hellip;]","og_url":"https:\/\/www.energiecrossmedial.de\/index.php\/interview-mit-lex-hartmann-ubitricity\/","og_site_name":"ENERGIE.CROSS.MEDIAL","twitter_card":"summary_large_image","twitter_site":"@EnergieXMedial","twitter_misc":{"Gesch\u00e4tzte Lesezeit":"2\u00a0Minuten"},"schema":{"@context":"https:\/\/schema.org","@graph":[{"@type":"WebPage","@id":"https:\/\/www.energiecrossmedial.de\/index.php\/interview-mit-lex-hartmann-ubitricity\/","url":"https:\/\/www.energiecrossmedial.de\/index.php\/interview-mit-lex-hartmann-ubitricity\/","name":"Interview mit Lex Hartmann (ubitricity) - ENERGIE.CROSS.MEDIAL","isPartOf":{"@id":"https:\/\/www.energiecrossmedial.de\/#website"},"datePublished":"2021-09-20T12:20:10+00:00","dateModified":"2021-09-20T12:20:10+00:00","breadcrumb":{"@id":"https:\/\/www.energiecrossmedial.de\/index.php\/interview-mit-lex-hartmann-ubitricity\/#breadcrumb"},"inLanguage":"de","potentialAction":[{"@type":"ReadAction","target":["https:\/\/www.energiecrossmedial.de\/index.php\/interview-mit-lex-hartmann-ubitricity\/"]}]},{"@type":"BreadcrumbList","@id":"https:\/\/www.energiecrossmedial.de\/index.php\/interview-mit-lex-hartmann-ubitricity\/#breadcrumb","itemListElement":[{"@type":"ListItem","position":1,"name":"Startseite","item":"https:\/\/www.energiecrossmedial.de\/"},{"@type":"ListItem","position":2,"name":"Interview mit Lex Hartmann (ubitricity)"}]},{"@type":"WebSite","@id":"https:\/\/www.energiecrossmedial.de\/#website","url":"https:\/\/www.energiecrossmedial.de\/","name":"ENERGIE.CROSS.MEDIAL - das forum der energiewende","description":"das forum der energiewende","publisher":{"@id":"https:\/\/www.energiecrossmedial.de\/#organization"},"potentialAction":[{"@type":"SearchAction","target":{"@type":"EntryPoint","urlTemplate":"https:\/\/www.energiecrossmedial.de\/?s={search_term_string}"},"query-input":{"@type":"PropertyValueSpecification","valueRequired":true,"valueName":"search_term_string"}}],"inLanguage":"de"},{"@type":"Organization","@id":"https:\/\/www.energiecrossmedial.de\/#organization","name":"ENERGIE.CROSS.MEDIAL - das forum der energiewende","url":"https:\/\/www.energiecrossmedial.de\/","logo":{"@type":"ImageObject","inLanguage":"de","@id":"https:\/\/www.energiecrossmedial.de\/#\/schema\/logo\/image\/","url":"https:\/\/www.energiecrossmedial.de\/wp-content\/uploads\/2023\/09\/cropped-Website_Icon.png","contentUrl":"https:\/\/www.energiecrossmedial.de\/wp-content\/uploads\/2023\/09\/cropped-Website_Icon.png","width":512,"height":512,"caption":"ENERGIE.CROSS.MEDIAL - das forum der energiewende"},"image":{"@id":"https:\/\/www.energiecrossmedial.de\/#\/schema\/logo\/image\/"},"sameAs":["https:\/\/x.com\/EnergieXMedial","https:\/\/www.linkedin.com\/company\/zukunftsenergien\/"]}]}},"jetpack_sharing_enabled":true,"_links":{"self":[{"href":"https:\/\/www.energiecrossmedial.de\/index.php\/wp-json\/wp\/v2\/pages\/1678","targetHints":{"allow":["GET"]}}],"collection":[{"href":"https:\/\/www.energiecrossmedial.de\/index.php\/wp-json\/wp\/v2\/pages"}],"about":[{"href":"https:\/\/www.energiecrossmedial.de\/index.php\/wp-json\/wp\/v2\/types\/page"}],"author":[{"embeddable":true,"href":"https:\/\/www.energiecrossmedial.de\/index.php\/wp-json\/wp\/v2\/users\/1"}],"replies":[{"embeddable":true,"href":"https:\/\/www.energiecrossmedial.de\/index.php\/wp-json\/wp\/v2\/comments?post=1678"}],"version-history":[{"count":0,"href":"https:\/\/www.energiecrossmedial.de\/index.php\/wp-json\/wp\/v2\/pages\/1678\/revisions"}],"wp:attachment":[{"href":"https:\/\/www.energiecrossmedial.de\/index.php\/wp-json\/wp\/v2\/media?parent=1678"}],"curies":[{"name":"wp","href":"https:\/\/api.w.org\/{rel}","templated":true}]}}