{"id":49,"date":"2021-09-20T12:20:10","date_gmt":"2021-09-20T12:20:10","guid":{"rendered":"http:\/\/localhost\/wordpress\/interview-mit-dr-stefan-kaufmann-mdb\/"},"modified":"2021-09-20T12:20:10","modified_gmt":"2021-09-20T12:20:10","slug":"interview-mit-dr-stefan-kaufmann-mdb","status":"publish","type":"page","link":"https:\/\/www.energiecrossmedial.de\/index.php\/interview-mit-dr-stefan-kaufmann-mdb\/","title":{"rendered":"Interview mit Dr. Stefan Kaufmann, MdB"},"content":{"rendered":"<div id=\"page_caption\" class=\"\">\n<div class=\"page_title_wrapper\">\n<div class=\"standard_wrapper\">\n<div class=\"page_title_inner\">\n<div class=\"page_title_content\">\n<h1>  <\/h1>\n<\/p><\/div>\n<\/p><\/div>\n<\/p><\/div>\n<\/p><\/div>\n<\/div>\n<p><!-- Begin content --><\/p>\n<div id=\"page_content_wrapper\" class=\"\">\n<div class=\"inner\">\n    \t<!-- Begin main content --><\/p>\n<div class=\"inner_wrapper\">\n<div class=\"sidebar_content\">\n<!-- Begin each blog post --><\/p>\n<div id=\"post-3294\" class=\"post-3294 post type-post status-publish format-standard has-post-thumbnail hentry category-allgemein category-interviews-2021\">\n<div class=\"post_wrapper\">\n<div class=\"post_content_wrapper\">\n<h1>Interview mit Dr. Stefan Kaufmann, MdB<\/h1>\n<div class=\"post_detail single_post\">\n\t\t\t\t<span class=\"post_info_date\"><br \/>\n\t\t\t\t\t24. November 2020\t\t\t\t<\/span><br \/>\n\t\t\t\t<span class=\"post_info_comment\"><br \/>\n\t\t\t\t\t\u2022<br \/>\n\t\t\t\t\t0&nbsp;Kommentar\t\t\t\t<\/span>\n\t\t\t<\/div>\n<div class=\"pf-content\">\n<p class=\"fqk44srj04fgyxc3g\"><strong>Dr. Annette Nietfeld:<\/strong> Herr Dr. Kaufmann, Sie sind im Juni 2020 zum Innovationsbeauftragten \u201eGr\u00fcner Wasserstoff\u201c des Bundesministeriums f\u00fcr Bildung und Forschung ernannt worden. Welche Aufgaben sind mit dieser Funktion verbunden und welche Schwerpunkte m\u00f6chten Sie setzen?<\/p>\n<p class=\"fqk44srj04fgyxc3g\"><strong>Dr. Stefan Kaufmann, MdB: <\/strong>Als Innovationsbeauftragter soll ich Gr\u00fcnen Wasserstoff in Deutschland voranbringen. Dazu arbeite ich in zwei zentralen Gremien f\u00fcr die Umsetzung der Nationalen Wasserstoffstrategie mit: Dem Staatssekret\u00e4rsausschuss f\u00fcr Wasserstoff und dem Nationalen Wasserstoffrat. Der Wasserstoffrat ber\u00e4t die Bundesregierung bei der Umsetzung der Nationalen Wasserstoffstrategie und vereint 26 Experten aus Forschung, Industrie, Zivilgesellschaft, Politik und Verwaltung. Wenn Sie als einziger in diesen beiden Gremien mitwirken, wissen Sie bestens \u00fcber alle Aktivit\u00e4ten zum Gr\u00fcnen Wasserstoff in Deutschland Bescheid und k\u00f6nnen entsprechend abw\u00e4gen, beraten und diskutieren. Das tue ich \u2013 und achte darauf, dass die Nationale Wasserstoffstrategie nicht zum Papiertiger, sondern m\u00f6glichst rasch realisiert wird. Daf\u00fcr m\u00fcssen wir Wasserstoff zuerst da einsetzen, wo es keine effizienteren Alternativen gibt \u2013 und wo wir m\u00f6glichst schnell positive Klima-Effekte erzielen k\u00f6nnen. Das hei\u00dft: Wir brauchen Gr\u00fcnen Wasserstoff zuerst in der Industrie und im Flug-, Schiffs- und Schwerlastverkehr. Um dies zu erreichen, m\u00fcssen Innovationen rasch aus den Laboren in die Anwendung kommen. Daf\u00fcr braucht es verl\u00e4ssliche Forschungsf\u00f6rderung, die dazu beitr\u00e4gt, Gutes noch besser zu machen, Neues zu entdecken und technologische L\u00fccken zu schlie\u00dfen. Und es braucht ein Ordnungsrecht, das Innovationen f\u00f6rdert und Investitionen anregt. F\u00fcr beides setze ich mich als Innovationsbeauftragter ein.<\/p>\n<p class=\"fqk44srj04fgyxc3g\"><strong>Dr. Annette Nietfeld:<\/strong> Wasserstoff ist nicht nur ein Thema des BMBF \u2013 auch andere Ministerien haben sich dem Thema angenommen. Wie gestaltet sich die Zusammenarbeit mit den anderen Ministerien?<\/p>\n<p class=\"fqk44srj04fgyxc3g\"><strong>Dr. Stefan Kaufmann, MdB: <\/strong>&nbsp;Das Besondere am Wasserstoff-Thema ist tats\u00e4chlich die Vielzahl der betroffenen Ressorts. Wasserstoffpolitik ist auch Umweltpolitik, weil es um Klimaschutz geht, Wirtschafts- und Verkehrspolitik, weil wir aktiv einen neuen Zukunftsmarkt mitgestalten wollen. Forschungspolitik, weil sich viele Technologien heute noch in der Entwicklung befinden. Entwicklungspolitik und Au\u00dfenpolitik, weil wir langfristig auf Wasserstoff-Importe angewiesen sein werden. Energie und Klima gehen uns alle an. Dass wir dabei mitunter um die beste L\u00f6sung ringen, geh\u00f6rt dazu. Gerade in der Verbindung der unterschiedlichen Perspektiven sehe ich die Chance, die Transformation des Energiesystems bestm\u00f6glich zu gestalten. Ich erlebe die Zusammenarbeit derzeit als sehr konstruktiv und zielgerichtet.<\/p>\n<p class=\"fqk44srj04fgyxc3g\"><strong>Dr. Annette Nietfeld:<\/strong> Neben Deutschland hat auch die Europ\u00e4ische Kommission eine Strategie f\u00fcr Wasserstoff vorgelegt. Wie sieht die Zusammenarbeit mit der EU aus?<\/p>\n<p class=\"fqk44srj04fgyxc3g\"><strong>Dr. Stefan Kaufmann, MdB: <\/strong>&nbsp;Das muss Hand in Hand gehen. Deutschland unterst\u00fctzt die Europ\u00e4ische Union beispielsweise bei der Erstellung einer Wasserstoff-Roadmap. Gleichzeitig bringt Deutschland eine eigene Roadmap auf den Weg, um auch die Synergien auf europ\u00e4ischer Ebene zusammenzubringen. Hier wollen wir schauen: Wo stehen wir? Wo wollen wir hin? Wie erreichen wir unsere Ziele? Und wie ordnet sich das in den europ\u00e4ischen Kontext ein? Dar\u00fcber hinaus wird sich Deutschland selbstverst\u00e4ndlich in Europ\u00e4ischen Forschungsprojekten im Rahmen des Green Deal beteiligen. Wir k\u00f6nnen die Ziele der Nationalen Wasserstoffstrategie nur erreichen, wenn wir von Anfang an europ\u00e4isch denken. Deshalb ist Gr\u00fcner Wasserstoff auch ein zentrales Thema der aktuellen deutschen EU-Ratspr\u00e4sidentschaft. Gemeinsam mit der Europ\u00e4ischen Kommission und den Mitgliedstaaten wollen wir eine europ\u00e4ische Wasserstoffunion auf den Weg bringen.<strong>&nbsp;<\/strong><\/p>\n<p class=\"fqk44srj04fgyxc3g\"><strong>Dr. Annette Nietfeld:<\/strong> Wo sehen Sie derzeitig Hemmnisse f\u00fcr innovative Wasserstoffprojekte? Wird die angek\u00fcndigte EEG-Entlastung f\u00fcr die Wasserstoffproduktion noch in diesem Jahr kommen und wenn ja, wie wird sie ausgestaltet sein?<\/p>\n<p class=\"fqk44srj04fgyxc3g\"><strong>Dr. Stefan Kaufmann, MdB: <\/strong>&nbsp;Damit die Wasserstoffrepublik Deutschland Wirklichkeit wird, brauchen wir neben starker Forschungsf\u00f6rderung auch ein Ordnungsrecht, das innovations- und investitionsfreundlich ist. Bei der EEG-Novelle brauchen wir deshalb eine langfristige und verl\u00e4ssliche Befreiung von Elektrolysestrom von der EEG-Umlage. Gerade werden L\u00f6sungen dazu diskutiert \u2013 und ich bin zuversichtlich, dass wir hier zeitnah zu einem praktikablen Ergebnis kommen werden. Wir m\u00fcssen der Industrie eine Perspektive f\u00fcr Gesch\u00e4ftsmodelle aufzeigen. <strong>&nbsp;<\/strong><\/p>\n<p class=\"fqk44srj04fgyxc3g\"><strong>Dr. Annette Nietfeld:<\/strong> Im September 2020 hat das BMBF eine Machbarkeitsstudie zur Deutsch-Australischen Wasserstoffkooperation beim BDI und ACATECH in Auftrag gegeben. Was erwarten Sie sich davon?<\/p>\n<p class=\"fqk44srj04fgyxc3g\"><strong>Dr. Stefan Kaufmann, MdB: <\/strong>&nbsp;In der Kooperation mit Australien geht es vor allem um neue Erkenntnisse im Bereich des Wasserstoff-Transports von Australien nach Deutschland. Das Thema ist zentral f\u00fcr die Umsetzung der Wasserstoffstrategie. Wir wollen ausloten, was f\u00fcr den Aufbau einer Lieferkette n\u00f6tig und machbar ist. Denken Sie an die Zertifizierung von Gr\u00fcnem Wasserstoff. Da brauchen wir ein global abgestimmtes Vorgehen, etwa mit Blick auf die Erfassung des CO2-Fu\u00dfabdrucks. Deutschland wird auch in der Zukunft absehbar gro\u00dfe Mengen unserer Energie aus dem Ausland als \u201egr\u00fcne\u201c Energie importieren m\u00fcssen. Daf\u00fcr braucht es Partner mit Expertise und Verl\u00e4sslichkeit \u2013 einen solchen haben wir in Australien gefunden. Das Vorhaben ist nat\u00fcrlich genauso interessant f\u00fcr Australien wie f\u00fcr uns. Wir werden hochrangige Stakeholder zusammenbringen und damit schon eine Keimzelle f\u00fcr zuk\u00fcnftige Investitionen legen. Gleichzeitig bringen wir auch national ein Leitprojekt zum Thema Wasserstofftransport an den Start. Darin werden Wirtschaft, Wissenschaft und Zivilgesellschaft innovative L\u00f6sungen bis zur Marktreife entwickeln k\u00f6nnen.<\/p>\n<p class=\"fqk44srj04fgyxc3g\"><strong>Dr. Annette Nietfeld:<\/strong> Am 2. M\u00e4rz 2021 werden Sie bei ENERGIE.CROSS.MEDIAL mitwirken. Welche Impulse erhoffen Sie sich von dieser Mitwirkung bei ENERGIE.CROSS.MEDIAL 2021?<\/p>\n<p class=\"fqk44srj04fgyxc3g\"><strong>Dr. Stefan Kaufmann, MdB: <\/strong>Die Pariser Klimaziele fordern Wirtschaft und Gesellschaft insgesamt. Das Thema Sektorkopplung gewinnt dabei zunehmend an Bedeutung. Die Veranstaltung bringt alle betroffenen Branchen auf einem Forum zusammen, um die Chancen, aber auch die Herausforderungen, zu diskutieren. Darauf freue ich mich. <strong>&nbsp;<\/strong><\/p>\n<\/div>\n<p><br class=\"clear\"\/>\n\t    <\/div>\n<\/p><\/div>\n<\/div>\n<p><!-- End each blog post -->\n    \t<\/div>\n<div class=\"sidebar_wrapper\">\n<div class=\"sidebar_top\"><\/div>\n<div class=\"sidebar\">\n<div class=\"content\">\n    \t\t\t\t<\/div>\n<\/p><\/div>\n<p>    \t\t\t<br class=\"clear\"\/><\/p>\n<div class=\"sidebar_bottom\"><\/div>\n<\/p><\/div>\n<\/p><\/div>\n<p>    <!-- End main content -->\n<\/div>\n<p><br class=\"clear\"\/><br class=\"fqk44srj04fgyxc3g\"\/>\n<\/div>\n","protected":false},"excerpt":{"rendered":"<p>Interview mit Dr. Stefan Kaufmann, MdB 24. November 2020 \u2022 0&nbsp;Kommentar Dr. Annette Nietfeld: Herr Dr. Kaufmann, Sie sind im Juni 2020 zum Innovationsbeauftragten \u201eGr\u00fcner Wasserstoff\u201c des Bundesministeriums f\u00fcr Bildung und Forschung ernannt worden. Welche Aufgaben sind mit dieser Funktion [&hellip;]<\/p>\n","protected":false},"author":1,"featured_media":0,"parent":0,"menu_order":47,"comment_status":"closed","ping_status":"closed","template":"template_3.php","meta":{"_acf_changed":false,"footnotes":""},"class_list":["post-49","page","type-page","status-publish","hentry"],"acf":[],"yoast_head":"<!-- This site is optimized with the Yoast SEO plugin v24.0 - https:\/\/yoast.com\/wordpress\/plugins\/seo\/ -->\n<title>Interview mit Dr. Stefan Kaufmann, MdB - ENERGIE.CROSS.MEDIAL<\/title>\n<meta name=\"robots\" content=\"index, follow, max-snippet:-1, max-image-preview:large, max-video-preview:-1\" \/>\n<link rel=\"canonical\" href=\"https:\/\/www.energiecrossmedial.de\/index.php\/interview-mit-dr-stefan-kaufmann-mdb\/\" \/>\n<meta property=\"og:locale\" content=\"de_DE\" \/>\n<meta property=\"og:type\" content=\"article\" \/>\n<meta property=\"og:title\" content=\"Interview mit Dr. Stefan Kaufmann, MdB - ENERGIE.CROSS.MEDIAL\" \/>\n<meta property=\"og:description\" content=\"Interview mit Dr. Stefan Kaufmann, MdB 24. November 2020 \u2022 0&nbsp;Kommentar Dr. Annette Nietfeld: Herr Dr. Kaufmann, Sie sind im Juni 2020 zum Innovationsbeauftragten \u201eGr\u00fcner Wasserstoff\u201c des Bundesministeriums f\u00fcr Bildung und Forschung ernannt worden. Welche Aufgaben sind mit dieser Funktion [&hellip;]\" \/>\n<meta property=\"og:url\" content=\"https:\/\/www.energiecrossmedial.de\/index.php\/interview-mit-dr-stefan-kaufmann-mdb\/\" \/>\n<meta property=\"og:site_name\" content=\"ENERGIE.CROSS.MEDIAL\" \/>\n<meta name=\"twitter:card\" content=\"summary_large_image\" \/>\n<meta name=\"twitter:site\" content=\"@EnergieXMedial\" \/>\n<meta name=\"twitter:label1\" content=\"Gesch\u00e4tzte Lesezeit\" \/>\n\t<meta name=\"twitter:data1\" content=\"5\u00a0Minuten\" \/>\n<script type=\"application\/ld+json\" class=\"yoast-schema-graph\">{\"@context\":\"https:\/\/schema.org\",\"@graph\":[{\"@type\":\"WebPage\",\"@id\":\"https:\/\/www.energiecrossmedial.de\/index.php\/interview-mit-dr-stefan-kaufmann-mdb\/\",\"url\":\"https:\/\/www.energiecrossmedial.de\/index.php\/interview-mit-dr-stefan-kaufmann-mdb\/\",\"name\":\"Interview mit Dr. Stefan Kaufmann, MdB - ENERGIE.CROSS.MEDIAL\",\"isPartOf\":{\"@id\":\"https:\/\/www.energiecrossmedial.de\/#website\"},\"datePublished\":\"2021-09-20T12:20:10+00:00\",\"dateModified\":\"2021-09-20T12:20:10+00:00\",\"breadcrumb\":{\"@id\":\"https:\/\/www.energiecrossmedial.de\/index.php\/interview-mit-dr-stefan-kaufmann-mdb\/#breadcrumb\"},\"inLanguage\":\"de\",\"potentialAction\":[{\"@type\":\"ReadAction\",\"target\":[\"https:\/\/www.energiecrossmedial.de\/index.php\/interview-mit-dr-stefan-kaufmann-mdb\/\"]}]},{\"@type\":\"BreadcrumbList\",\"@id\":\"https:\/\/www.energiecrossmedial.de\/index.php\/interview-mit-dr-stefan-kaufmann-mdb\/#breadcrumb\",\"itemListElement\":[{\"@type\":\"ListItem\",\"position\":1,\"name\":\"Startseite\",\"item\":\"https:\/\/www.energiecrossmedial.de\/\"},{\"@type\":\"ListItem\",\"position\":2,\"name\":\"Interview mit Dr. Stefan Kaufmann, MdB\"}]},{\"@type\":\"WebSite\",\"@id\":\"https:\/\/www.energiecrossmedial.de\/#website\",\"url\":\"https:\/\/www.energiecrossmedial.de\/\",\"name\":\"ENERGIE.CROSS.MEDIAL - das forum der energiewende\",\"description\":\"das forum der energiewende\",\"publisher\":{\"@id\":\"https:\/\/www.energiecrossmedial.de\/#organization\"},\"potentialAction\":[{\"@type\":\"SearchAction\",\"target\":{\"@type\":\"EntryPoint\",\"urlTemplate\":\"https:\/\/www.energiecrossmedial.de\/?s={search_term_string}\"},\"query-input\":{\"@type\":\"PropertyValueSpecification\",\"valueRequired\":true,\"valueName\":\"search_term_string\"}}],\"inLanguage\":\"de\"},{\"@type\":\"Organization\",\"@id\":\"https:\/\/www.energiecrossmedial.de\/#organization\",\"name\":\"ENERGIE.CROSS.MEDIAL - das forum der energiewende\",\"url\":\"https:\/\/www.energiecrossmedial.de\/\",\"logo\":{\"@type\":\"ImageObject\",\"inLanguage\":\"de\",\"@id\":\"https:\/\/www.energiecrossmedial.de\/#\/schema\/logo\/image\/\",\"url\":\"https:\/\/www.energiecrossmedial.de\/wp-content\/uploads\/2023\/09\/cropped-Website_Icon.png\",\"contentUrl\":\"https:\/\/www.energiecrossmedial.de\/wp-content\/uploads\/2023\/09\/cropped-Website_Icon.png\",\"width\":512,\"height\":512,\"caption\":\"ENERGIE.CROSS.MEDIAL - das forum der energiewende\"},\"image\":{\"@id\":\"https:\/\/www.energiecrossmedial.de\/#\/schema\/logo\/image\/\"},\"sameAs\":[\"https:\/\/x.com\/EnergieXMedial\",\"https:\/\/www.linkedin.com\/company\/zukunftsenergien\/\"]}]}<\/script>\n<!-- \/ Yoast SEO plugin. -->","yoast_head_json":{"title":"Interview mit Dr. Stefan Kaufmann, MdB - ENERGIE.CROSS.MEDIAL","robots":{"index":"index","follow":"follow","max-snippet":"max-snippet:-1","max-image-preview":"max-image-preview:large","max-video-preview":"max-video-preview:-1"},"canonical":"https:\/\/www.energiecrossmedial.de\/index.php\/interview-mit-dr-stefan-kaufmann-mdb\/","og_locale":"de_DE","og_type":"article","og_title":"Interview mit Dr. Stefan Kaufmann, MdB - ENERGIE.CROSS.MEDIAL","og_description":"Interview mit Dr. Stefan Kaufmann, MdB 24. November 2020 \u2022 0&nbsp;Kommentar Dr. Annette Nietfeld: Herr Dr. Kaufmann, Sie sind im Juni 2020 zum Innovationsbeauftragten \u201eGr\u00fcner Wasserstoff\u201c des Bundesministeriums f\u00fcr Bildung und Forschung ernannt worden. Welche Aufgaben sind mit dieser Funktion [&hellip;]","og_url":"https:\/\/www.energiecrossmedial.de\/index.php\/interview-mit-dr-stefan-kaufmann-mdb\/","og_site_name":"ENERGIE.CROSS.MEDIAL","twitter_card":"summary_large_image","twitter_site":"@EnergieXMedial","twitter_misc":{"Gesch\u00e4tzte Lesezeit":"5\u00a0Minuten"},"schema":{"@context":"https:\/\/schema.org","@graph":[{"@type":"WebPage","@id":"https:\/\/www.energiecrossmedial.de\/index.php\/interview-mit-dr-stefan-kaufmann-mdb\/","url":"https:\/\/www.energiecrossmedial.de\/index.php\/interview-mit-dr-stefan-kaufmann-mdb\/","name":"Interview mit Dr. Stefan Kaufmann, MdB - ENERGIE.CROSS.MEDIAL","isPartOf":{"@id":"https:\/\/www.energiecrossmedial.de\/#website"},"datePublished":"2021-09-20T12:20:10+00:00","dateModified":"2021-09-20T12:20:10+00:00","breadcrumb":{"@id":"https:\/\/www.energiecrossmedial.de\/index.php\/interview-mit-dr-stefan-kaufmann-mdb\/#breadcrumb"},"inLanguage":"de","potentialAction":[{"@type":"ReadAction","target":["https:\/\/www.energiecrossmedial.de\/index.php\/interview-mit-dr-stefan-kaufmann-mdb\/"]}]},{"@type":"BreadcrumbList","@id":"https:\/\/www.energiecrossmedial.de\/index.php\/interview-mit-dr-stefan-kaufmann-mdb\/#breadcrumb","itemListElement":[{"@type":"ListItem","position":1,"name":"Startseite","item":"https:\/\/www.energiecrossmedial.de\/"},{"@type":"ListItem","position":2,"name":"Interview mit Dr. Stefan Kaufmann, MdB"}]},{"@type":"WebSite","@id":"https:\/\/www.energiecrossmedial.de\/#website","url":"https:\/\/www.energiecrossmedial.de\/","name":"ENERGIE.CROSS.MEDIAL - das forum der energiewende","description":"das forum der energiewende","publisher":{"@id":"https:\/\/www.energiecrossmedial.de\/#organization"},"potentialAction":[{"@type":"SearchAction","target":{"@type":"EntryPoint","urlTemplate":"https:\/\/www.energiecrossmedial.de\/?s={search_term_string}"},"query-input":{"@type":"PropertyValueSpecification","valueRequired":true,"valueName":"search_term_string"}}],"inLanguage":"de"},{"@type":"Organization","@id":"https:\/\/www.energiecrossmedial.de\/#organization","name":"ENERGIE.CROSS.MEDIAL - das forum der energiewende","url":"https:\/\/www.energiecrossmedial.de\/","logo":{"@type":"ImageObject","inLanguage":"de","@id":"https:\/\/www.energiecrossmedial.de\/#\/schema\/logo\/image\/","url":"https:\/\/www.energiecrossmedial.de\/wp-content\/uploads\/2023\/09\/cropped-Website_Icon.png","contentUrl":"https:\/\/www.energiecrossmedial.de\/wp-content\/uploads\/2023\/09\/cropped-Website_Icon.png","width":512,"height":512,"caption":"ENERGIE.CROSS.MEDIAL - das forum der energiewende"},"image":{"@id":"https:\/\/www.energiecrossmedial.de\/#\/schema\/logo\/image\/"},"sameAs":["https:\/\/x.com\/EnergieXMedial","https:\/\/www.linkedin.com\/company\/zukunftsenergien\/"]}]}},"jetpack_sharing_enabled":true,"_links":{"self":[{"href":"https:\/\/www.energiecrossmedial.de\/index.php\/wp-json\/wp\/v2\/pages\/49","targetHints":{"allow":["GET"]}}],"collection":[{"href":"https:\/\/www.energiecrossmedial.de\/index.php\/wp-json\/wp\/v2\/pages"}],"about":[{"href":"https:\/\/www.energiecrossmedial.de\/index.php\/wp-json\/wp\/v2\/types\/page"}],"author":[{"embeddable":true,"href":"https:\/\/www.energiecrossmedial.de\/index.php\/wp-json\/wp\/v2\/users\/1"}],"replies":[{"embeddable":true,"href":"https:\/\/www.energiecrossmedial.de\/index.php\/wp-json\/wp\/v2\/comments?post=49"}],"version-history":[{"count":0,"href":"https:\/\/www.energiecrossmedial.de\/index.php\/wp-json\/wp\/v2\/pages\/49\/revisions"}],"wp:attachment":[{"href":"https:\/\/www.energiecrossmedial.de\/index.php\/wp-json\/wp\/v2\/media?parent=49"}],"curies":[{"name":"wp","href":"https:\/\/api.w.org\/{rel}","templated":true}]}}