{"id":50,"date":"2021-09-20T12:20:10","date_gmt":"2021-09-20T12:20:10","guid":{"rendered":"http:\/\/localhost\/wordpress\/interview-mit-dr-annette-nietfeld\/"},"modified":"2021-09-20T12:20:10","modified_gmt":"2021-09-20T12:20:10","slug":"interview-mit-dr-annette-nietfeld","status":"publish","type":"page","link":"https:\/\/www.energiecrossmedial.de\/index.php\/interview-mit-dr-annette-nietfeld\/","title":{"rendered":"Interview mit Dr. Annette Nietfeld"},"content":{"rendered":"<div id=\"page_caption\" class=\"\">\n<div class=\"page_title_wrapper\">\n<div class=\"standard_wrapper\">\n<div class=\"page_title_inner\">\n<div class=\"page_title_content\">\n<h1>  <\/h1>\n<\/p><\/div>\n<\/p><\/div>\n<\/p><\/div>\n<\/p><\/div>\n<\/div>\n<p><!-- Begin content --><\/p>\n<div id=\"page_content_wrapper\" class=\"\">\n<div class=\"inner\">\n    \t<!-- Begin main content --><\/p>\n<div class=\"inner_wrapper\">\n<div class=\"sidebar_content\">\n<!-- Begin each blog post --><\/p>\n<div id=\"post-3517\" class=\"post-3517 post type-post status-publish format-standard has-post-thumbnail hentry category-allgemein category-interviews-2021\">\n<div class=\"post_wrapper\">\n<div class=\"post_content_wrapper\">\n<h1>Interview mit Dr. Annette Nietfeld<\/h1>\n<div class=\"post_detail single_post\">\n\t\t\t\t<span class=\"post_info_date\"><br \/>\n\t\t\t\t\t4. Dezember 2020\t\t\t\t<\/span><br \/>\n\t\t\t\t<span class=\"post_info_comment\"><br \/>\n\t\t\t\t\t\u2022<br \/>\n\t\t\t\t\t0&nbsp;Kommentar\t\t\t\t<\/span>\n\t\t\t<\/div>\n<div class=\"pf-content\">\n<p class=\"fqk44srj04fgyxc3g\"><strong>Energiewende branchen\u00fcbergreifend innovativ gestalten<\/strong><\/p>\n<p class=\"fqk44srj04fgyxc3g\"><a href=\"https:\/\/www.themen-magazin.de\/\" target=\"_blank\" rel=\"noreferrer noopener\">THEMEN|:magazin (12\/2020)<\/a><\/p>\n<p class=\"fqk44srj04fgyxc3g\">Seit nunmehr 30 Jahren ist das Forum f\u00fcr Zukunftsenergien in weiten Bereichen der Energiepolitik, Energiewirtschaft und Energietechnik t\u00e4tig. Es ist die einzige politisch unabh\u00e4ngige und branchen\u00fcbergreifende Institution der Energiewirtschaft und Energiepolitik im vorparlamentarischen Raum in Deutschland. Mit Blick auf das Jahr 2021 sprachen wir mit Dr. Annette Nietfeld, Gesch\u00e4ftsf\u00fchrerin des Forum f\u00fcr Zukunftsenergien.<\/p>\n<p class=\"fqk44srj04fgyxc3g\"><strong>Frau Dr. Nietfeld, wie verlief 2020 f\u00fcr das Forum f\u00fcr Zukunftsenergien?<\/strong><\/p>\n<p class=\"fqk44srj04fgyxc3g\">Das Res\u00fcmee unserer Aktivit\u00e4ten im Jahr 2020 f\u00e4llt, wie wohl in vielen anderen Branchen auch, geteilt aus. Im Fr\u00fchjahr konnten wir sehr gut besuchte Veranstaltungen zu wichtigen Themen wie der nationalen Wasserstoffstrategie und dem geplanten EU-Grenzsteuerausgleichsmechanismus durchf\u00fchren. Zudem konnten wir uns \u00fcber die erfolgreiche Premiere unseres neuen Konferenzformates ENERGIE.CROSS.MEDIAL freuen. Kurz danach wurden unsere Aktivit\u00e4ten durch die Ma\u00dfnahmen zum Schutz vor dem Coronavirus massiv behindert, denn unsere Veranstaltungen profitieren von der Mitwirkung wichtiger Entscheidungstr\u00e4ger und Multiplikatoren, einem unmittelbar kommunizierenden kritischen Auditorium und dem direkten Austausch w\u00e4hrend der Veranstaltung. Seit Anfang Juli 2020 bieten wir hybride oder g\u00e4nzlich digitale Formate an, so dass wir auch in der Zeit von \u201esocial distancing\u201c den so wichtigen politischen Diskurs zur Energie- und Klimapolitik begleiten k\u00f6nnen. Themen waren bzw. werden noch sein, die Umsetzung des BEHG, die EEG-Novelle 2021 und die Umsetzung der RED II.<\/p>\n<p class=\"fqk44srj04fgyxc3g\"><strong>Im M\u00e4rz 2021 gibt es die Fortsetzung von ENERGIE.CROSS.MEDIAL. Welche Schwerpunkte werden gesetzt?<\/strong><\/p>\n<p class=\"fqk44srj04fgyxc3g\">Mit Innovationen die Energiewende branchen\u00fcbergreifend gestalten \u2013 das ist die Aufgabe, der sich die Gesellschaft stellen muss; in jeder Branche und jedem Sektor. Im Rahmen von ENERGIE.CROSS.MEDIAL 2021 zeigen wir anhand von Beispielen, welche Ans\u00e4tze es daf\u00fcr ganz konkret gibt, welchen Hemmnissen sich Unternehmen gegen\u00fcbergestellt sehen und welche Rahmensetzungen es seitens der Politik auf europ\u00e4ischer und nationaler Ebene braucht. Wie der Strukturwandel vor Ort gelingen kann und wie bei alledem unser bisheriges Erfolgsmodell, die soziale Marktwirtschaft, durch die Regulierung etlicher Wirtschaftsbereiche nicht unter die R\u00e4der kommt.<\/p>\n<p class=\"fqk44srj04fgyxc3g\"><strong>Wie sieht die bisherige programmatische Gestaltung aus und welche Mitwirkenden werden vor Ort sein?<\/strong><\/p>\n<p class=\"fqk44srj04fgyxc3g\">Derzeit l\u00e4uft die Programmgestaltung nat\u00fcrlich auf Hochtouren, wir freuen uns, dass u.a. der Innovationsbeauftrage f\u00fcr \u201eGr\u00fcnen Wasserstoff\u201c des Bundesministeriums f\u00fcr Forschung und Bildung, Dr. Stefan Kaufmann, der Brandenburgische Wirtschaftsminister, Prof. Dr. J\u00f6rg Steinbach, und E.ON-Vorstandsmitglied, Dr. Karsten Wildberger, mitwirken werden. Aufgrund erster positiver Reaktionen aus dem B\u00fcro von EU-Kommissarin Simson, sind wir zuversichtlich, auch sie begr\u00fc\u00dfen zu k\u00f6nnen. Im Rahmen von Themensessions werden wir u.a. \u00fcber die gr\u00fcne Wasserstoffwirtschaft und den Weg zum klimaneutralen Geb\u00e4udebestand diskutieren. Dies ist nur ein kleiner Ausblick auf die vielen Mitwirkenden bei ENERGIE.CROSS.MEDIAL 2021.<\/p>\n<p class=\"fqk44srj04fgyxc3g\">THEMEN|:magazin (12\/2020)<\/p>\n<\/div>\n<p><br class=\"clear\"\/>\n\t    <\/div>\n<\/p><\/div>\n<\/div>\n<p><!-- End each blog post -->\n    \t<\/div>\n<div class=\"sidebar_wrapper\">\n<div class=\"sidebar_top\"><\/div>\n<div class=\"sidebar\">\n<div class=\"content\">\n    \t\t\t\t<\/div>\n<\/p><\/div>\n<p>    \t\t\t<br class=\"clear\"\/><\/p>\n<div class=\"sidebar_bottom\"><\/div>\n<\/p><\/div>\n<\/p><\/div>\n<p>    <!-- End main content -->\n<\/div>\n<p><br class=\"clear\"\/><br class=\"fqk44srj04fgyxc3g\"\/>\n<\/div>\n","protected":false},"excerpt":{"rendered":"<p>Interview mit Dr. Annette Nietfeld 4. Dezember 2020 \u2022 0&nbsp;Kommentar Energiewende branchen\u00fcbergreifend innovativ gestalten THEMEN|:magazin (12\/2020) Seit nunmehr 30 Jahren ist das Forum f\u00fcr Zukunftsenergien in weiten Bereichen der Energiepolitik, Energiewirtschaft und Energietechnik t\u00e4tig. Es ist die einzige politisch unabh\u00e4ngige [&hellip;]<\/p>\n","protected":false},"author":1,"featured_media":0,"parent":0,"menu_order":45,"comment_status":"closed","ping_status":"closed","template":"template_3.php","meta":{"_acf_changed":false,"footnotes":""},"class_list":["post-50","page","type-page","status-publish","hentry"],"acf":[],"yoast_head":"<!-- This site is optimized with the Yoast SEO plugin v24.0 - https:\/\/yoast.com\/wordpress\/plugins\/seo\/ -->\n<title>Interview mit Dr. Annette Nietfeld - ENERGIE.CROSS.MEDIAL<\/title>\n<meta name=\"robots\" content=\"index, follow, max-snippet:-1, max-image-preview:large, max-video-preview:-1\" \/>\n<link rel=\"canonical\" href=\"https:\/\/www.energiecrossmedial.de\/index.php\/interview-mit-dr-annette-nietfeld\/\" \/>\n<meta property=\"og:locale\" content=\"de_DE\" \/>\n<meta property=\"og:type\" content=\"article\" \/>\n<meta property=\"og:title\" content=\"Interview mit Dr. Annette Nietfeld - ENERGIE.CROSS.MEDIAL\" \/>\n<meta property=\"og:description\" content=\"Interview mit Dr. Annette Nietfeld 4. Dezember 2020 \u2022 0&nbsp;Kommentar Energiewende branchen\u00fcbergreifend innovativ gestalten THEMEN|:magazin (12\/2020) Seit nunmehr 30 Jahren ist das Forum f\u00fcr Zukunftsenergien in weiten Bereichen der Energiepolitik, Energiewirtschaft und Energietechnik t\u00e4tig. Es ist die einzige politisch unabh\u00e4ngige [&hellip;]\" \/>\n<meta property=\"og:url\" content=\"https:\/\/www.energiecrossmedial.de\/index.php\/interview-mit-dr-annette-nietfeld\/\" \/>\n<meta property=\"og:site_name\" content=\"ENERGIE.CROSS.MEDIAL\" \/>\n<meta name=\"twitter:card\" content=\"summary_large_image\" \/>\n<meta name=\"twitter:site\" content=\"@EnergieXMedial\" \/>\n<meta name=\"twitter:label1\" content=\"Gesch\u00e4tzte Lesezeit\" \/>\n\t<meta name=\"twitter:data1\" content=\"2\u00a0Minuten\" \/>\n<script type=\"application\/ld+json\" class=\"yoast-schema-graph\">{\"@context\":\"https:\/\/schema.org\",\"@graph\":[{\"@type\":\"WebPage\",\"@id\":\"https:\/\/www.energiecrossmedial.de\/index.php\/interview-mit-dr-annette-nietfeld\/\",\"url\":\"https:\/\/www.energiecrossmedial.de\/index.php\/interview-mit-dr-annette-nietfeld\/\",\"name\":\"Interview mit Dr. Annette Nietfeld - ENERGIE.CROSS.MEDIAL\",\"isPartOf\":{\"@id\":\"https:\/\/www.energiecrossmedial.de\/#website\"},\"datePublished\":\"2021-09-20T12:20:10+00:00\",\"dateModified\":\"2021-09-20T12:20:10+00:00\",\"breadcrumb\":{\"@id\":\"https:\/\/www.energiecrossmedial.de\/index.php\/interview-mit-dr-annette-nietfeld\/#breadcrumb\"},\"inLanguage\":\"de\",\"potentialAction\":[{\"@type\":\"ReadAction\",\"target\":[\"https:\/\/www.energiecrossmedial.de\/index.php\/interview-mit-dr-annette-nietfeld\/\"]}]},{\"@type\":\"BreadcrumbList\",\"@id\":\"https:\/\/www.energiecrossmedial.de\/index.php\/interview-mit-dr-annette-nietfeld\/#breadcrumb\",\"itemListElement\":[{\"@type\":\"ListItem\",\"position\":1,\"name\":\"Startseite\",\"item\":\"https:\/\/www.energiecrossmedial.de\/\"},{\"@type\":\"ListItem\",\"position\":2,\"name\":\"Interview mit Dr. Annette Nietfeld\"}]},{\"@type\":\"WebSite\",\"@id\":\"https:\/\/www.energiecrossmedial.de\/#website\",\"url\":\"https:\/\/www.energiecrossmedial.de\/\",\"name\":\"ENERGIE.CROSS.MEDIAL - das forum der energiewende\",\"description\":\"das forum der energiewende\",\"publisher\":{\"@id\":\"https:\/\/www.energiecrossmedial.de\/#organization\"},\"potentialAction\":[{\"@type\":\"SearchAction\",\"target\":{\"@type\":\"EntryPoint\",\"urlTemplate\":\"https:\/\/www.energiecrossmedial.de\/?s={search_term_string}\"},\"query-input\":{\"@type\":\"PropertyValueSpecification\",\"valueRequired\":true,\"valueName\":\"search_term_string\"}}],\"inLanguage\":\"de\"},{\"@type\":\"Organization\",\"@id\":\"https:\/\/www.energiecrossmedial.de\/#organization\",\"name\":\"ENERGIE.CROSS.MEDIAL - das forum der energiewende\",\"url\":\"https:\/\/www.energiecrossmedial.de\/\",\"logo\":{\"@type\":\"ImageObject\",\"inLanguage\":\"de\",\"@id\":\"https:\/\/www.energiecrossmedial.de\/#\/schema\/logo\/image\/\",\"url\":\"https:\/\/www.energiecrossmedial.de\/wp-content\/uploads\/2023\/09\/cropped-Website_Icon.png\",\"contentUrl\":\"https:\/\/www.energiecrossmedial.de\/wp-content\/uploads\/2023\/09\/cropped-Website_Icon.png\",\"width\":512,\"height\":512,\"caption\":\"ENERGIE.CROSS.MEDIAL - das forum der energiewende\"},\"image\":{\"@id\":\"https:\/\/www.energiecrossmedial.de\/#\/schema\/logo\/image\/\"},\"sameAs\":[\"https:\/\/x.com\/EnergieXMedial\",\"https:\/\/www.linkedin.com\/company\/zukunftsenergien\/\"]}]}<\/script>\n<!-- \/ Yoast SEO plugin. -->","yoast_head_json":{"title":"Interview mit Dr. Annette Nietfeld - ENERGIE.CROSS.MEDIAL","robots":{"index":"index","follow":"follow","max-snippet":"max-snippet:-1","max-image-preview":"max-image-preview:large","max-video-preview":"max-video-preview:-1"},"canonical":"https:\/\/www.energiecrossmedial.de\/index.php\/interview-mit-dr-annette-nietfeld\/","og_locale":"de_DE","og_type":"article","og_title":"Interview mit Dr. Annette Nietfeld - ENERGIE.CROSS.MEDIAL","og_description":"Interview mit Dr. Annette Nietfeld 4. Dezember 2020 \u2022 0&nbsp;Kommentar Energiewende branchen\u00fcbergreifend innovativ gestalten THEMEN|:magazin (12\/2020) Seit nunmehr 30 Jahren ist das Forum f\u00fcr Zukunftsenergien in weiten Bereichen der Energiepolitik, Energiewirtschaft und Energietechnik t\u00e4tig. Es ist die einzige politisch unabh\u00e4ngige [&hellip;]","og_url":"https:\/\/www.energiecrossmedial.de\/index.php\/interview-mit-dr-annette-nietfeld\/","og_site_name":"ENERGIE.CROSS.MEDIAL","twitter_card":"summary_large_image","twitter_site":"@EnergieXMedial","twitter_misc":{"Gesch\u00e4tzte Lesezeit":"2\u00a0Minuten"},"schema":{"@context":"https:\/\/schema.org","@graph":[{"@type":"WebPage","@id":"https:\/\/www.energiecrossmedial.de\/index.php\/interview-mit-dr-annette-nietfeld\/","url":"https:\/\/www.energiecrossmedial.de\/index.php\/interview-mit-dr-annette-nietfeld\/","name":"Interview mit Dr. Annette Nietfeld - ENERGIE.CROSS.MEDIAL","isPartOf":{"@id":"https:\/\/www.energiecrossmedial.de\/#website"},"datePublished":"2021-09-20T12:20:10+00:00","dateModified":"2021-09-20T12:20:10+00:00","breadcrumb":{"@id":"https:\/\/www.energiecrossmedial.de\/index.php\/interview-mit-dr-annette-nietfeld\/#breadcrumb"},"inLanguage":"de","potentialAction":[{"@type":"ReadAction","target":["https:\/\/www.energiecrossmedial.de\/index.php\/interview-mit-dr-annette-nietfeld\/"]}]},{"@type":"BreadcrumbList","@id":"https:\/\/www.energiecrossmedial.de\/index.php\/interview-mit-dr-annette-nietfeld\/#breadcrumb","itemListElement":[{"@type":"ListItem","position":1,"name":"Startseite","item":"https:\/\/www.energiecrossmedial.de\/"},{"@type":"ListItem","position":2,"name":"Interview mit Dr. Annette Nietfeld"}]},{"@type":"WebSite","@id":"https:\/\/www.energiecrossmedial.de\/#website","url":"https:\/\/www.energiecrossmedial.de\/","name":"ENERGIE.CROSS.MEDIAL - das forum der energiewende","description":"das forum der energiewende","publisher":{"@id":"https:\/\/www.energiecrossmedial.de\/#organization"},"potentialAction":[{"@type":"SearchAction","target":{"@type":"EntryPoint","urlTemplate":"https:\/\/www.energiecrossmedial.de\/?s={search_term_string}"},"query-input":{"@type":"PropertyValueSpecification","valueRequired":true,"valueName":"search_term_string"}}],"inLanguage":"de"},{"@type":"Organization","@id":"https:\/\/www.energiecrossmedial.de\/#organization","name":"ENERGIE.CROSS.MEDIAL - das forum der energiewende","url":"https:\/\/www.energiecrossmedial.de\/","logo":{"@type":"ImageObject","inLanguage":"de","@id":"https:\/\/www.energiecrossmedial.de\/#\/schema\/logo\/image\/","url":"https:\/\/www.energiecrossmedial.de\/wp-content\/uploads\/2023\/09\/cropped-Website_Icon.png","contentUrl":"https:\/\/www.energiecrossmedial.de\/wp-content\/uploads\/2023\/09\/cropped-Website_Icon.png","width":512,"height":512,"caption":"ENERGIE.CROSS.MEDIAL - das forum der energiewende"},"image":{"@id":"https:\/\/www.energiecrossmedial.de\/#\/schema\/logo\/image\/"},"sameAs":["https:\/\/x.com\/EnergieXMedial","https:\/\/www.linkedin.com\/company\/zukunftsenergien\/"]}]}},"jetpack_sharing_enabled":true,"_links":{"self":[{"href":"https:\/\/www.energiecrossmedial.de\/index.php\/wp-json\/wp\/v2\/pages\/50","targetHints":{"allow":["GET"]}}],"collection":[{"href":"https:\/\/www.energiecrossmedial.de\/index.php\/wp-json\/wp\/v2\/pages"}],"about":[{"href":"https:\/\/www.energiecrossmedial.de\/index.php\/wp-json\/wp\/v2\/types\/page"}],"author":[{"embeddable":true,"href":"https:\/\/www.energiecrossmedial.de\/index.php\/wp-json\/wp\/v2\/users\/1"}],"replies":[{"embeddable":true,"href":"https:\/\/www.energiecrossmedial.de\/index.php\/wp-json\/wp\/v2\/comments?post=50"}],"version-history":[{"count":0,"href":"https:\/\/www.energiecrossmedial.de\/index.php\/wp-json\/wp\/v2\/pages\/50\/revisions"}],"wp:attachment":[{"href":"https:\/\/www.energiecrossmedial.de\/index.php\/wp-json\/wp\/v2\/media?parent=50"}],"curies":[{"name":"wp","href":"https:\/\/api.w.org\/{rel}","templated":true}]}}